{"id":19695,"date":"2019-12-12T11:55:12","date_gmt":"2019-12-12T10:55:12","guid":{"rendered":"https:\/\/2020.ddz.de\/?post_type=event&#038;p=19695"},"modified":"2019-12-12T11:57:01","modified_gmt":"2019-12-12T10:57:01","slug":"15-duesseldorfer-diabetes-tag","status":"publish","type":"event","link":"https:\/\/ddz.de\/en\/event\/15-duesseldorfer-diabetes-tag\/","title":{"rendered":"15. D\u00fcsseldorfer Diabetes-Tag"},"featured_media":19696,"template":"","meta":{"_acf_changed":false,"_FSMCFIC_featured_image_caption":"","_FSMCFIC_featured_image_nocaption":"","_FSMCFIC_featured_image_hide":""},"class_list":["post-19695","event","type-event","status-publish","has-post-thumbnail","hentry"],"acf":{"image":false,"date_start":1506765600,"date_end":1506787200,"description":"<p>Am 30. September 2017 von 10:00 bis 16:00 Uhr findet der 15. D\u00fcsseldorfer Diabetes-Tag in der Handwerkskammer D\u00fcsseldorf (Georg-Schulhoff-Platz 1, 40221 D\u00fcsseldorf) statt. Eingeladen sind Menschen mit Diabetes, ihre Partnerinnen und Partner, Eltern mit ihren betroffenen Kindern, Familien und Freunde sowie Interessierte. Die Veranstaltung ist kostenlos und frei zug\u00e4nglich.<\/p>\n<p>In drei parallel laufenden Vortragsreihen erfahren die Besucherinnen und Besucher Neuigkeiten und Wissenswertes rund um die Schwerpunktthemen \u201eNeue Therapiekonzepte und Technologien\u201c. Das Programm setzt sich aus Expertenvortr\u00e4gen und Erfahrungsberichten zusammen, um verschiedene Sichtweisen zu veranschaulichen.<\/p>\n<p>In diesem Rahmen findet auch das 2. NRW Pumpentr\u00e4gertreffen statt. F\u00fcr die Tr\u00e4gerinnen und Tr\u00e4ger einer Insulin-Pumpe bietet das Treffen nicht nur die Gelegenheit, sich mit anderen Pumpentr\u00e4gerinnen und -tr\u00e4gern auszutauschen. Es lassen sich ebenso offene Fragen mit Expertinnen und-experten des jeweiligen Pumpenherstellers kl\u00e4ren. F\u00fcr das Treffen steht in diesem Jahr ein separater Bereich zur Verf\u00fcgung. Unternehmen, Verb\u00e4nde, Selbsthilfegruppen sowie Vereine pr\u00e4sentieren ihre Produkte, Informationen und Dienstleistungen auf der begleitenden Industrieausstellung. Erg\u00e4nzend k\u00f6nnen die Besucherinnen und Besucher zahlreiche kostenfreie individuelle Messungen wahrnehmen. Zudem stehen Ihnen Fachkr\u00e4fte f\u00fcr individuelle Beratungen zur Fu\u00dfpflege bereit.<br \/>\nDar\u00fcber hinaus bietet der D\u00fcsseldorfer Diabetestag ein vielf\u00e4ltiges Rahmenprogramm. Neben der Show-Cooking-Aktion mit Fernsehkoch Alex Wahi und dem Catering sorgt auch ein Food-Truck f\u00fcr das k\u00f6rperliche Wohl. F\u00fcr die j\u00fcngeren G\u00e4ste steht ein breit gef\u00e4chertes Kinderanimationsprogramm zur Verf\u00fcgung.<\/p>\n<p>F\u00fcr weitere Informationen folgen Sie uns auf Facebook (<a href=\"https:\/\/www.facebook.com\/duesseldorfer.diabetestag\/\">facebook.com\/duesseldorfer.diabetestag\/<\/a>) oder besuchen unseren Internetauftritt (<a href=\"https:\/\/duesseldorfer-diabetestag.de\/\">www.duesseldorfer-diabetestag.de<\/a>).<\/p>\n<p>Wir freuen uns auf Ihren Besuch!<\/p>\n","person":"2080620","place":"Handwerkskammer D\u00fcsseldorf - HWK","room":"Handwerkskammer D\u00fcsseldorf - HWK","street_nr":"Georg-Schulhoff-Platz 1","plz_ort":"40221 D\u00fcsseldorf","latlang":"51.204840, 6.787290","galerie":false,"attachments":false},"yoast_head":"<!-- This site is optimized with the Yoast SEO plugin v27.2 - https:\/\/yoast.com\/product\/yoast-seo-wordpress\/ -->\n<title>15. D\u00fcsseldorfer Diabetes-Tag - Deutsches Diabetes-Zentrum (DDZ)<\/title>\n<meta name=\"robots\" content=\"index, follow, max-snippet:-1, max-image-preview:large, max-video-preview:-1\" \/>\n<link rel=\"canonical\" href=\"https:\/\/ddz.de\/en\/event\/15-duesseldorfer-diabetes-tag\/\" \/>\n<meta property=\"og:locale\" content=\"en_US\" \/>\n<meta property=\"og:type\" content=\"article\" \/>\n<meta property=\"og:title\" content=\"15. D\u00fcsseldorfer Diabetes-Tag - Deutsches Diabetes-Zentrum (DDZ)\" \/>\n<meta property=\"og:url\" content=\"https:\/\/ddz.de\/en\/event\/15-duesseldorfer-diabetes-tag\/\" \/>\n<meta property=\"og:site_name\" content=\"Deutsches Diabetes-Zentrum (DDZ)\" \/>\n<meta property=\"article:publisher\" content=\"https:\/\/www.facebook.com\/diabetesinformationsdienst\/\" \/>\n<meta property=\"article:modified_time\" content=\"2019-12-12T10:57:01+00:00\" \/>\n<meta property=\"og:image\" content=\"https:\/\/ddz.de\/wp-content\/uploads\/DDT_Facebook_Titelbild_851x315_170124.png\" \/>\n\t<meta property=\"og:image:width\" content=\"1000\" \/>\n\t<meta property=\"og:image:height\" content=\"370\" \/>\n\t<meta property=\"og:image:type\" content=\"image\/png\" \/>\n<meta name=\"twitter:card\" content=\"summary_large_image\" \/>\n<meta name=\"twitter:site\" content=\"@ddz_info\" \/>\n<script type=\"application\/ld+json\" class=\"yoast-schema-graph\">{\"@context\":\"https:\/\/schema.org\",\"@graph\":[{\"@type\":\"WebPage\",\"@id\":\"https:\/\/ddz.de\/en\/event\/15-duesseldorfer-diabetes-tag\/\",\"url\":\"https:\/\/ddz.de\/en\/event\/15-duesseldorfer-diabetes-tag\/\",\"name\":\"15. D\u00fcsseldorfer Diabetes-Tag - Deutsches Diabetes-Zentrum (DDZ)\",\"isPartOf\":{\"@id\":\"https:\/\/ddz.de\/en\/#website\"},\"primaryImageOfPage\":{\"@id\":\"https:\/\/ddz.de\/en\/event\/15-duesseldorfer-diabetes-tag\/#primaryimage\"},\"image\":{\"@id\":\"https:\/\/ddz.de\/en\/event\/15-duesseldorfer-diabetes-tag\/#primaryimage\"},\"thumbnailUrl\":\"https:\/\/ddz.de\/wp-content\/uploads\/DDT_Facebook_Titelbild_851x315_170124.png\",\"datePublished\":\"2019-12-12T10:55:12+00:00\",\"dateModified\":\"2019-12-12T10:57:01+00:00\",\"breadcrumb\":{\"@id\":\"https:\/\/ddz.de\/en\/event\/15-duesseldorfer-diabetes-tag\/#breadcrumb\"},\"inLanguage\":\"en-US\",\"potentialAction\":[{\"@type\":\"ReadAction\",\"target\":[\"https:\/\/ddz.de\/en\/event\/15-duesseldorfer-diabetes-tag\/\"]}]},{\"@type\":\"ImageObject\",\"inLanguage\":\"en-US\",\"@id\":\"https:\/\/ddz.de\/en\/event\/15-duesseldorfer-diabetes-tag\/#primaryimage\",\"url\":\"https:\/\/ddz.de\/wp-content\/uploads\/DDT_Facebook_Titelbild_851x315_170124.png\",\"contentUrl\":\"https:\/\/ddz.de\/wp-content\/uploads\/DDT_Facebook_Titelbild_851x315_170124.png\",\"width\":1000,\"height\":370,\"caption\":\"Flyer zum 15. D\u00fcsseldorfer Diabetes-Tag am 30. September 2017\"},{\"@type\":\"BreadcrumbList\",\"@id\":\"https:\/\/ddz.de\/en\/event\/15-duesseldorfer-diabetes-tag\/#breadcrumb\",\"itemListElement\":[{\"@type\":\"ListItem\",\"position\":1,\"name\":\"Startseite\",\"item\":\"https:\/\/ddz.de\/en\/\"},{\"@type\":\"ListItem\",\"position\":2,\"name\":\"Events\",\"item\":\"https:\/\/ddz.de\/en\/event\/\"},{\"@type\":\"ListItem\",\"position\":3,\"name\":\"15. D\u00fcsseldorfer Diabetes-Tag\"}]},{\"@type\":\"WebSite\",\"@id\":\"https:\/\/ddz.de\/en\/#website\",\"url\":\"https:\/\/ddz.de\/en\/\",\"name\":\"Deutsches Diabetes-Zentrum (DDZ)\",\"description\":\"Diabetes erforschen - Menschen helfen\",\"publisher\":{\"@id\":\"https:\/\/ddz.de\/en\/#organization\"},\"potentialAction\":[{\"@type\":\"SearchAction\",\"target\":{\"@type\":\"EntryPoint\",\"urlTemplate\":\"https:\/\/ddz.de\/en\/?s={search_term_string}\"},\"query-input\":{\"@type\":\"PropertyValueSpecification\",\"valueRequired\":true,\"valueName\":\"search_term_string\"}}],\"inLanguage\":\"en-US\"},{\"@type\":\"Organization\",\"@id\":\"https:\/\/ddz.de\/en\/#organization\",\"name\":\"Deutsches Diabetes-Zentrum (DDZ)\",\"url\":\"https:\/\/ddz.de\/en\/\",\"logo\":{\"@type\":\"ImageObject\",\"inLanguage\":\"en-US\",\"@id\":\"https:\/\/ddz.de\/en\/#\/schema\/logo\/image\/\",\"url\":\"https:\/\/ddz.de\/wp-content\/uploads\/ddz_logo_de.png\",\"contentUrl\":\"https:\/\/ddz.de\/wp-content\/uploads\/ddz_logo_de.png\",\"width\":640,\"height\":226,\"caption\":\"Deutsches Diabetes-Zentrum (DDZ)\"},\"image\":{\"@id\":\"https:\/\/ddz.de\/en\/#\/schema\/logo\/image\/\"},\"sameAs\":[\"https:\/\/www.facebook.com\/diabetesinformationsdienst\/\",\"https:\/\/x.com\/ddz_info\",\"https:\/\/www.youtube.com\/channel\/UCNxwshEljrBJXPri-w9IiLg\"]}]}<\/script>\n<!-- \/ Yoast SEO plugin. -->","yoast_head_json":{"title":"15. D\u00fcsseldorfer Diabetes-Tag - Deutsches Diabetes-Zentrum (DDZ)","robots":{"index":"index","follow":"follow","max-snippet":"max-snippet:-1","max-image-preview":"max-image-preview:large","max-video-preview":"max-video-preview:-1"},"canonical":"https:\/\/ddz.de\/en\/event\/15-duesseldorfer-diabetes-tag\/","og_locale":"en_US","og_type":"article","og_title":"15. D\u00fcsseldorfer Diabetes-Tag - Deutsches Diabetes-Zentrum (DDZ)","og_url":"https:\/\/ddz.de\/en\/event\/15-duesseldorfer-diabetes-tag\/","og_site_name":"Deutsches Diabetes-Zentrum (DDZ)","article_publisher":"https:\/\/www.facebook.com\/diabetesinformationsdienst\/","article_modified_time":"2019-12-12T10:57:01+00:00","og_image":[{"width":1000,"height":370,"url":"https:\/\/ddz.de\/wp-content\/uploads\/DDT_Facebook_Titelbild_851x315_170124.png","type":"image\/png"}],"twitter_card":"summary_large_image","twitter_site":"@ddz_info","schema":{"@context":"https:\/\/schema.org","@graph":[{"@type":"WebPage","@id":"https:\/\/ddz.de\/en\/event\/15-duesseldorfer-diabetes-tag\/","url":"https:\/\/ddz.de\/en\/event\/15-duesseldorfer-diabetes-tag\/","name":"15. D\u00fcsseldorfer Diabetes-Tag - Deutsches Diabetes-Zentrum (DDZ)","isPartOf":{"@id":"https:\/\/ddz.de\/en\/#website"},"primaryImageOfPage":{"@id":"https:\/\/ddz.de\/en\/event\/15-duesseldorfer-diabetes-tag\/#primaryimage"},"image":{"@id":"https:\/\/ddz.de\/en\/event\/15-duesseldorfer-diabetes-tag\/#primaryimage"},"thumbnailUrl":"https:\/\/ddz.de\/wp-content\/uploads\/DDT_Facebook_Titelbild_851x315_170124.png","datePublished":"2019-12-12T10:55:12+00:00","dateModified":"2019-12-12T10:57:01+00:00","breadcrumb":{"@id":"https:\/\/ddz.de\/en\/event\/15-duesseldorfer-diabetes-tag\/#breadcrumb"},"inLanguage":"en-US","potentialAction":[{"@type":"ReadAction","target":["https:\/\/ddz.de\/en\/event\/15-duesseldorfer-diabetes-tag\/"]}]},{"@type":"ImageObject","inLanguage":"en-US","@id":"https:\/\/ddz.de\/en\/event\/15-duesseldorfer-diabetes-tag\/#primaryimage","url":"https:\/\/ddz.de\/wp-content\/uploads\/DDT_Facebook_Titelbild_851x315_170124.png","contentUrl":"https:\/\/ddz.de\/wp-content\/uploads\/DDT_Facebook_Titelbild_851x315_170124.png","width":1000,"height":370,"caption":"Flyer zum 15. D\u00fcsseldorfer Diabetes-Tag am 30. September 2017"},{"@type":"BreadcrumbList","@id":"https:\/\/ddz.de\/en\/event\/15-duesseldorfer-diabetes-tag\/#breadcrumb","itemListElement":[{"@type":"ListItem","position":1,"name":"Startseite","item":"https:\/\/ddz.de\/en\/"},{"@type":"ListItem","position":2,"name":"Events","item":"https:\/\/ddz.de\/en\/event\/"},{"@type":"ListItem","position":3,"name":"15. D\u00fcsseldorfer Diabetes-Tag"}]},{"@type":"WebSite","@id":"https:\/\/ddz.de\/en\/#website","url":"https:\/\/ddz.de\/en\/","name":"Deutsches Diabetes-Zentrum (DDZ)","description":"Diabetes erforschen - Menschen helfen","publisher":{"@id":"https:\/\/ddz.de\/en\/#organization"},"potentialAction":[{"@type":"SearchAction","target":{"@type":"EntryPoint","urlTemplate":"https:\/\/ddz.de\/en\/?s={search_term_string}"},"query-input":{"@type":"PropertyValueSpecification","valueRequired":true,"valueName":"search_term_string"}}],"inLanguage":"en-US"},{"@type":"Organization","@id":"https:\/\/ddz.de\/en\/#organization","name":"Deutsches Diabetes-Zentrum (DDZ)","url":"https:\/\/ddz.de\/en\/","logo":{"@type":"ImageObject","inLanguage":"en-US","@id":"https:\/\/ddz.de\/en\/#\/schema\/logo\/image\/","url":"https:\/\/ddz.de\/wp-content\/uploads\/ddz_logo_de.png","contentUrl":"https:\/\/ddz.de\/wp-content\/uploads\/ddz_logo_de.png","width":640,"height":226,"caption":"Deutsches Diabetes-Zentrum (DDZ)"},"image":{"@id":"https:\/\/ddz.de\/en\/#\/schema\/logo\/image\/"},"sameAs":["https:\/\/www.facebook.com\/diabetesinformationsdienst\/","https:\/\/x.com\/ddz_info","https:\/\/www.youtube.com\/channel\/UCNxwshEljrBJXPri-w9IiLg"]}]}},"_links":{"self":[{"href":"https:\/\/ddz.de\/en\/wp-json\/wp\/v2\/event\/19695","targetHints":{"allow":["GET"]}}],"collection":[{"href":"https:\/\/ddz.de\/en\/wp-json\/wp\/v2\/event"}],"about":[{"href":"https:\/\/ddz.de\/en\/wp-json\/wp\/v2\/types\/event"}],"wp:featuredmedia":[{"embeddable":true,"href":"https:\/\/ddz.de\/en\/wp-json\/wp\/v2\/media\/19696"}],"wp:attachment":[{"href":"https:\/\/ddz.de\/en\/wp-json\/wp\/v2\/media?parent=19695"}],"curies":[{"name":"wp","href":"https:\/\/api.w.org\/{rel}","templated":true}]}}

15. Düsseldorfer Diabetes-Tag

<p>Am 30. September 2017 von 10:00 bis 16:00 Uhr findet der 15. Düsseldorfer Diabetes-Tag in der Handwerkskammer Düsseldorf (Georg-Schulhoff-Platz 1, 40221 Düsseldorf) statt. Eingeladen sind Menschen mit Diabetes, ihre Partnerinnen und Partner, Eltern mit ihren betroffenen Kindern, Familien und Freunde sowie Interessierte. Die Veranstaltung ist kostenlos und frei zugänglich.</p>
<p>In drei parallel laufenden Vortragsreihen erfahren die Besucherinnen und Besucher Neuigkeiten und Wissenswertes rund um die Schwerpunktthemen „Neue Therapiekonzepte und Technologien“. Das Programm setzt sich aus Expertenvorträgen und Erfahrungsberichten zusammen, um verschiedene Sichtweisen zu veranschaulichen.</p>
<p>In diesem Rahmen findet auch das 2. NRW Pumpenträgertreffen statt. Für die Trägerinnen und Träger einer Insulin-Pumpe bietet das Treffen nicht nur die Gelegenheit, sich mit anderen Pumpenträgerinnen und -trägern auszutauschen. Es lassen sich ebenso offene Fragen mit Expertinnen und-experten des jeweiligen Pumpenherstellers klären. Für das Treffen steht in diesem Jahr ein separater Bereich zur Verfügung. Unternehmen, Verbände, Selbsthilfegruppen sowie Vereine präsentieren ihre Produkte, Informationen und Dienstleistungen auf der begleitenden Industrieausstellung. Ergänzend können die Besucherinnen und Besucher zahlreiche kostenfreie individuelle Messungen wahrnehmen. Zudem stehen Ihnen Fachkräfte für individuelle Beratungen zur Fußpflege bereit.<br />
Darüber hinaus bietet der Düsseldorfer Diabetestag ein vielfältiges Rahmenprogramm. Neben der Show-Cooking-Aktion mit Fernsehkoch Alex Wahi und dem Catering sorgt auch ein Food-Truck für das körperliche Wohl. Für die jüngeren Gäste steht ein breit gefächertes Kinderanimationsprogramm zur Verfügung.</p>
<p>Für weitere Informationen folgen Sie uns auf Facebook (<a href="https://www.facebook.com/duesseldorfer.diabetestag/">facebook.com/duesseldorfer.diabetestag/</a>) oder besuchen unseren Internetauftritt (<a href="https://duesseldorfer-diabetestag.de/">www.duesseldorfer-diabetestag.de</a>).</p>
<p>Wir freuen uns auf Ihren Besuch!</p>

Handwerkskammer Düsseldorf - HWK

40221 Düsseldorf

<!-- This site is optimized with the Yoast SEO plugin v27.2 - https://yoast.com/product/yoast-seo-wordpress/ -->
<title>15. Düsseldorfer Diabetes-Tag - Deutsches Diabetes-Zentrum (DDZ)</title>
<meta name="robots" content="index, follow, max-snippet:-1, max-image-preview:large, max-video-preview:-1" />
<link rel="canonical" href="https://ddz.de/en/event/15-duesseldorfer-diabetes-tag/" />
<meta property="og:locale" content="en_US" />
<meta property="og:type" content="article" />
<meta property="og:title" content="15. Düsseldorfer Diabetes-Tag - Deutsches Diabetes-Zentrum (DDZ)" />
<meta property="og:url" content="https://ddz.de/en/event/15-duesseldorfer-diabetes-tag/" />
<meta property="og:site_name" content="Deutsches Diabetes-Zentrum (DDZ)" />
<meta property="article:publisher" content="https://www.facebook.com/diabetesinformationsdienst/" />
<meta property="article:modified_time" content="2019-12-12T10:57:01+00:00" />
<meta property="og:image" content="https://ddz.de/wp-content/uploads/DDT_Facebook_Titelbild_851x315_170124.png" />
	<meta property="og:image:width" content="1000" />
	<meta property="og:image:height" content="370" />
	<meta property="og:image:type" content="image/png" />
<meta name="twitter:card" content="summary_large_image" />
<meta name="twitter:site" content="@ddz_info" />
<script type="application/ld+json" class="yoast-schema-graph">{"@context":"https://schema.org","@graph":[{"@type":"WebPage","@id":"https://ddz.de/en/event/15-duesseldorfer-diabetes-tag/","url":"https://ddz.de/en/event/15-duesseldorfer-diabetes-tag/","name":"15. Düsseldorfer Diabetes-Tag - Deutsches Diabetes-Zentrum (DDZ)","isPartOf":{"@id":"https://ddz.de/en/#website"},"primaryImageOfPage":{"@id":"https://ddz.de/en/event/15-duesseldorfer-diabetes-tag/#primaryimage"},"image":{"@id":"https://ddz.de/en/event/15-duesseldorfer-diabetes-tag/#primaryimage"},"thumbnailUrl":"https://ddz.de/wp-content/uploads/DDT_Facebook_Titelbild_851x315_170124.png","datePublished":"2019-12-12T10:55:12+00:00","dateModified":"2019-12-12T10:57:01+00:00","breadcrumb":{"@id":"https://ddz.de/en/event/15-duesseldorfer-diabetes-tag/#breadcrumb"},"inLanguage":"en-US","potentialAction":[{"@type":"ReadAction","target":["https://ddz.de/en/event/15-duesseldorfer-diabetes-tag/"]}]},{"@type":"ImageObject","inLanguage":"en-US","@id":"https://ddz.de/en/event/15-duesseldorfer-diabetes-tag/#primaryimage","url":"https://ddz.de/wp-content/uploads/DDT_Facebook_Titelbild_851x315_170124.png","contentUrl":"https://ddz.de/wp-content/uploads/DDT_Facebook_Titelbild_851x315_170124.png","width":1000,"height":370,"caption":"Flyer zum 15. Düsseldorfer Diabetes-Tag am 30. September 2017"},{"@type":"BreadcrumbList","@id":"https://ddz.de/en/event/15-duesseldorfer-diabetes-tag/#breadcrumb","itemListElement":[{"@type":"ListItem","position":1,"name":"Startseite","item":"https://ddz.de/en/"},{"@type":"ListItem","position":2,"name":"Events","item":"https://ddz.de/en/event/"},{"@type":"ListItem","position":3,"name":"15. Düsseldorfer Diabetes-Tag"}]},{"@type":"WebSite","@id":"https://ddz.de/en/#website","url":"https://ddz.de/en/","name":"Deutsches Diabetes-Zentrum (DDZ)","description":"Diabetes erforschen - Menschen helfen","publisher":{"@id":"https://ddz.de/en/#organization"},"potentialAction":[{"@type":"SearchAction","target":{"@type":"EntryPoint","urlTemplate":"https://ddz.de/en/?s={search_term_string}"},"query-input":{"@type":"PropertyValueSpecification","valueRequired":true,"valueName":"search_term_string"}}],"inLanguage":"en-US"},{"@type":"Organization","@id":"https://ddz.de/en/#organization","name":"Deutsches Diabetes-Zentrum (DDZ)","url":"https://ddz.de/en/","logo":{"@type":"ImageObject","inLanguage":"en-US","@id":"https://ddz.de/en/#/schema/logo/image/","url":"https://ddz.de/wp-content/uploads/ddz_logo_de.png","contentUrl":"https://ddz.de/wp-content/uploads/ddz_logo_de.png","width":640,"height":226,"caption":"Deutsches Diabetes-Zentrum (DDZ)"},"image":{"@id":"https://ddz.de/en/#/schema/logo/image/"},"sameAs":["https://www.facebook.com/diabetesinformationsdienst/","https://x.com/ddz_info","https://www.youtube.com/channel/UCNxwshEljrBJXPri-w9IiLg"]}]}</script>
<!-- / Yoast SEO plugin. -->

15. Düsseldorfer Diabetes-Tag - Deutsches Diabetes-Zentrum (DDZ)

Flyer zum 15. Düsseldorfer Diabetes-Tag am 30. September 2017
