{"id":19664,"date":"2019-12-12T10:53:49","date_gmt":"2019-12-12T09:53:49","guid":{"rendered":"https:\/\/2020.ddz.de\/?post_type=event&#038;p=19664"},"modified":"2019-12-12T10:54:59","modified_gmt":"2019-12-12T09:54:59","slug":"informationsabend-diabetes-familie-macht-stark-zum-weltdiabetestag","status":"publish","type":"event","link":"https:\/\/ddz.de\/en\/event\/informationsabend-diabetes-familie-macht-stark-zum-weltdiabetestag\/","title":{"rendered":"Informationsabend &#8220;Diabetes: Familie macht stark&#8221; zum Weltdiabetestag"},"featured_media":17523,"template":"","meta":{"_acf_changed":false,"_FSMCFIC_featured_image_caption":"","_FSMCFIC_featured_image_nocaption":"","_FSMCFIC_featured_image_hide":""},"class_list":["post-19664","event","type-event","status-publish","has-post-thumbnail","hentry"],"acf":{"image":false,"date_start":1542126600,"date_end":1542139200,"description":"<p>Liebe Besucherinnen und Besucher,<\/p>\n<p>pro Jahr erkranken 600.000 Menschen in Deutschland neu an Diabetes. Das entspricht ungef\u00e4hr der Einwohnerzahl von D\u00fcsseldorf. Unter dem Motto \u201eDiabetes: Familie macht stark\u201c laden wir Sie im Rahmen der Diabeteswoche D\u00fcsseldorf zu einem Informationsabend am 13. November 2018 in das Deutsche Diabetes-Zentrum (DDZ) ein. Sie erwartet ein abwechslungsreiches Programm mit Vortr\u00e4gen, Erfahrungsberichten von Betroffenen und Tipps von Experten.<\/p>\n<p>Das diesj\u00e4hrige Motto der WHO steht im Zeichen der Familie und wie diese den Diabetes im Alltag bew\u00e4ltigt. Diabetes egal in welchem Alter: Sie haben die M\u00f6glichkeit \u00fcber die individuellen Versorgungsm\u00f6glichkeiten zu diskutieren. Erfahren Sie von anderen Betroffenen, wie diese in der Familie mit dem Diabetes umgehen und welche lokalen Versorgungs-, Beratungs- und Vorsorgeangebote im Gro\u00dfraum D\u00fcsseldorf bestehen. Au\u00dferdem k\u00f6nnen Sie als Interessierte in unserem Studien-zentrum einen kurzen Diabetes-Check absolvieren.<\/p>\n<p>Um 17.15 Uhr werden die Gewinner des Malwettbewerbs \u201eWas macht Spa\u00df und macht mich fit?\u201c ausgezeichnet. Dieser Informationsabend wird gemeinsam vom DDZ, dem Regionalen Innovationsnetzwerk (RIN) Diabetes und der Klinik f\u00fcr Endokrinologie und Diabetologie am Universit\u00e4tsklinikum D\u00fcsseldorf, dem Gesundheitsamt und dem Jugendamt der Landeshauptstadt D\u00fcsseldorf ausgerichtet.<\/p>\n<p>Wir freuen uns auf Ihren Besuch im DDZ.<\/p>\n","person":"243435","place":"Deutsches Diabetes-Zentrum","room":"Oskar Minkowski-Saal & Paul Langerhans-Saal","street_nr":"Auf\u2019m Hennekamp 65","plz_ort":"40225 D\u00fcsseldorf","latlang":"51.204840, 6.787290","galerie":false,"attachments":false},"yoast_head":"<!-- This site is optimized with the Yoast SEO plugin v27.2 - https:\/\/yoast.com\/product\/yoast-seo-wordpress\/ -->\n<title>Informationsabend &quot;Diabetes: Familie macht stark&quot; zum Weltdiabetestag - Deutsches Diabetes-Zentrum (DDZ)<\/title>\n<meta name=\"robots\" content=\"index, follow, max-snippet:-1, max-image-preview:large, max-video-preview:-1\" \/>\n<link rel=\"canonical\" href=\"https:\/\/ddz.de\/en\/event\/informationsabend-diabetes-familie-macht-stark-zum-weltdiabetestag\/\" \/>\n<meta property=\"og:locale\" content=\"en_US\" \/>\n<meta property=\"og:type\" content=\"article\" \/>\n<meta property=\"og:title\" content=\"Informationsabend &quot;Diabetes: Familie macht stark&quot; zum Weltdiabetestag - Deutsches Diabetes-Zentrum (DDZ)\" \/>\n<meta property=\"og:url\" content=\"https:\/\/ddz.de\/en\/event\/informationsabend-diabetes-familie-macht-stark-zum-weltdiabetestag\/\" \/>\n<meta property=\"og:site_name\" content=\"Deutsches Diabetes-Zentrum (DDZ)\" \/>\n<meta property=\"article:publisher\" content=\"https:\/\/www.facebook.com\/diabetesinformationsdienst\/\" \/>\n<meta property=\"article:modified_time\" content=\"2019-12-12T09:54:59+00:00\" \/>\n<meta property=\"og:image\" content=\"https:\/\/ddz.de\/wp-content\/uploads\/DDZ_Banner_191016.jpg\" \/>\n\t<meta property=\"og:image:width\" content=\"2084\" \/>\n\t<meta property=\"og:image:height\" content=\"1667\" \/>\n\t<meta property=\"og:image:type\" content=\"image\/jpeg\" \/>\n<meta name=\"twitter:card\" content=\"summary_large_image\" \/>\n<meta name=\"twitter:site\" content=\"@ddz_info\" \/>\n<script type=\"application\/ld+json\" class=\"yoast-schema-graph\">{\"@context\":\"https:\/\/schema.org\",\"@graph\":[{\"@type\":\"WebPage\",\"@id\":\"https:\/\/ddz.de\/en\/event\/informationsabend-diabetes-familie-macht-stark-zum-weltdiabetestag\/\",\"url\":\"https:\/\/ddz.de\/en\/event\/informationsabend-diabetes-familie-macht-stark-zum-weltdiabetestag\/\",\"name\":\"Informationsabend \\\"Diabetes: Familie macht stark\\\" zum Weltdiabetestag - Deutsches Diabetes-Zentrum (DDZ)\",\"isPartOf\":{\"@id\":\"https:\/\/ddz.de\/en\/#website\"},\"primaryImageOfPage\":{\"@id\":\"https:\/\/ddz.de\/en\/event\/informationsabend-diabetes-familie-macht-stark-zum-weltdiabetestag\/#primaryimage\"},\"image\":{\"@id\":\"https:\/\/ddz.de\/en\/event\/informationsabend-diabetes-familie-macht-stark-zum-weltdiabetestag\/#primaryimage\"},\"thumbnailUrl\":\"https:\/\/ddz.de\/wp-content\/uploads\/DDZ_Banner_191016.jpg\",\"datePublished\":\"2019-12-12T09:53:49+00:00\",\"dateModified\":\"2019-12-12T09:54:59+00:00\",\"breadcrumb\":{\"@id\":\"https:\/\/ddz.de\/en\/event\/informationsabend-diabetes-familie-macht-stark-zum-weltdiabetestag\/#breadcrumb\"},\"inLanguage\":\"en-US\",\"potentialAction\":[{\"@type\":\"ReadAction\",\"target\":[\"https:\/\/ddz.de\/en\/event\/informationsabend-diabetes-familie-macht-stark-zum-weltdiabetestag\/\"]}]},{\"@type\":\"ImageObject\",\"inLanguage\":\"en-US\",\"@id\":\"https:\/\/ddz.de\/en\/event\/informationsabend-diabetes-familie-macht-stark-zum-weltdiabetestag\/#primaryimage\",\"url\":\"https:\/\/ddz.de\/wp-content\/uploads\/DDZ_Banner_191016.jpg\",\"contentUrl\":\"https:\/\/ddz.de\/wp-content\/uploads\/DDZ_Banner_191016.jpg\",\"width\":2084,\"height\":1667,\"caption\":\"Eine Familie mit zwei Kindern lacht eng umschlungen in die Kamera\"},{\"@type\":\"BreadcrumbList\",\"@id\":\"https:\/\/ddz.de\/en\/event\/informationsabend-diabetes-familie-macht-stark-zum-weltdiabetestag\/#breadcrumb\",\"itemListElement\":[{\"@type\":\"ListItem\",\"position\":1,\"name\":\"Startseite\",\"item\":\"https:\/\/ddz.de\/en\/\"},{\"@type\":\"ListItem\",\"position\":2,\"name\":\"Events\",\"item\":\"https:\/\/ddz.de\/en\/event\/\"},{\"@type\":\"ListItem\",\"position\":3,\"name\":\"Informationsabend &#8222;Diabetes: Familie macht stark&#8220; zum Weltdiabetestag\"}]},{\"@type\":\"WebSite\",\"@id\":\"https:\/\/ddz.de\/en\/#website\",\"url\":\"https:\/\/ddz.de\/en\/\",\"name\":\"Deutsches Diabetes-Zentrum (DDZ)\",\"description\":\"Diabetes erforschen - Menschen helfen\",\"publisher\":{\"@id\":\"https:\/\/ddz.de\/en\/#organization\"},\"potentialAction\":[{\"@type\":\"SearchAction\",\"target\":{\"@type\":\"EntryPoint\",\"urlTemplate\":\"https:\/\/ddz.de\/en\/?s={search_term_string}\"},\"query-input\":{\"@type\":\"PropertyValueSpecification\",\"valueRequired\":true,\"valueName\":\"search_term_string\"}}],\"inLanguage\":\"en-US\"},{\"@type\":\"Organization\",\"@id\":\"https:\/\/ddz.de\/en\/#organization\",\"name\":\"Deutsches Diabetes-Zentrum (DDZ)\",\"url\":\"https:\/\/ddz.de\/en\/\",\"logo\":{\"@type\":\"ImageObject\",\"inLanguage\":\"en-US\",\"@id\":\"https:\/\/ddz.de\/en\/#\/schema\/logo\/image\/\",\"url\":\"https:\/\/ddz.de\/wp-content\/uploads\/ddz_logo_de.png\",\"contentUrl\":\"https:\/\/ddz.de\/wp-content\/uploads\/ddz_logo_de.png\",\"width\":640,\"height\":226,\"caption\":\"Deutsches Diabetes-Zentrum (DDZ)\"},\"image\":{\"@id\":\"https:\/\/ddz.de\/en\/#\/schema\/logo\/image\/\"},\"sameAs\":[\"https:\/\/www.facebook.com\/diabetesinformationsdienst\/\",\"https:\/\/x.com\/ddz_info\",\"https:\/\/www.youtube.com\/channel\/UCNxwshEljrBJXPri-w9IiLg\"]}]}<\/script>\n<!-- \/ Yoast SEO plugin. -->","yoast_head_json":{"title":"Informationsabend \"Diabetes: Familie macht stark\" zum Weltdiabetestag - Deutsches Diabetes-Zentrum (DDZ)","robots":{"index":"index","follow":"follow","max-snippet":"max-snippet:-1","max-image-preview":"max-image-preview:large","max-video-preview":"max-video-preview:-1"},"canonical":"https:\/\/ddz.de\/en\/event\/informationsabend-diabetes-familie-macht-stark-zum-weltdiabetestag\/","og_locale":"en_US","og_type":"article","og_title":"Informationsabend \"Diabetes: Familie macht stark\" zum Weltdiabetestag - Deutsches Diabetes-Zentrum (DDZ)","og_url":"https:\/\/ddz.de\/en\/event\/informationsabend-diabetes-familie-macht-stark-zum-weltdiabetestag\/","og_site_name":"Deutsches Diabetes-Zentrum (DDZ)","article_publisher":"https:\/\/www.facebook.com\/diabetesinformationsdienst\/","article_modified_time":"2019-12-12T09:54:59+00:00","og_image":[{"width":2084,"height":1667,"url":"https:\/\/ddz.de\/wp-content\/uploads\/DDZ_Banner_191016.jpg","type":"image\/jpeg"}],"twitter_card":"summary_large_image","twitter_site":"@ddz_info","schema":{"@context":"https:\/\/schema.org","@graph":[{"@type":"WebPage","@id":"https:\/\/ddz.de\/en\/event\/informationsabend-diabetes-familie-macht-stark-zum-weltdiabetestag\/","url":"https:\/\/ddz.de\/en\/event\/informationsabend-diabetes-familie-macht-stark-zum-weltdiabetestag\/","name":"Informationsabend \"Diabetes: Familie macht stark\" zum Weltdiabetestag - Deutsches Diabetes-Zentrum (DDZ)","isPartOf":{"@id":"https:\/\/ddz.de\/en\/#website"},"primaryImageOfPage":{"@id":"https:\/\/ddz.de\/en\/event\/informationsabend-diabetes-familie-macht-stark-zum-weltdiabetestag\/#primaryimage"},"image":{"@id":"https:\/\/ddz.de\/en\/event\/informationsabend-diabetes-familie-macht-stark-zum-weltdiabetestag\/#primaryimage"},"thumbnailUrl":"https:\/\/ddz.de\/wp-content\/uploads\/DDZ_Banner_191016.jpg","datePublished":"2019-12-12T09:53:49+00:00","dateModified":"2019-12-12T09:54:59+00:00","breadcrumb":{"@id":"https:\/\/ddz.de\/en\/event\/informationsabend-diabetes-familie-macht-stark-zum-weltdiabetestag\/#breadcrumb"},"inLanguage":"en-US","potentialAction":[{"@type":"ReadAction","target":["https:\/\/ddz.de\/en\/event\/informationsabend-diabetes-familie-macht-stark-zum-weltdiabetestag\/"]}]},{"@type":"ImageObject","inLanguage":"en-US","@id":"https:\/\/ddz.de\/en\/event\/informationsabend-diabetes-familie-macht-stark-zum-weltdiabetestag\/#primaryimage","url":"https:\/\/ddz.de\/wp-content\/uploads\/DDZ_Banner_191016.jpg","contentUrl":"https:\/\/ddz.de\/wp-content\/uploads\/DDZ_Banner_191016.jpg","width":2084,"height":1667,"caption":"Eine Familie mit zwei Kindern lacht eng umschlungen in die Kamera"},{"@type":"BreadcrumbList","@id":"https:\/\/ddz.de\/en\/event\/informationsabend-diabetes-familie-macht-stark-zum-weltdiabetestag\/#breadcrumb","itemListElement":[{"@type":"ListItem","position":1,"name":"Startseite","item":"https:\/\/ddz.de\/en\/"},{"@type":"ListItem","position":2,"name":"Events","item":"https:\/\/ddz.de\/en\/event\/"},{"@type":"ListItem","position":3,"name":"Informationsabend &#8222;Diabetes: Familie macht stark&#8220; zum Weltdiabetestag"}]},{"@type":"WebSite","@id":"https:\/\/ddz.de\/en\/#website","url":"https:\/\/ddz.de\/en\/","name":"Deutsches Diabetes-Zentrum (DDZ)","description":"Diabetes erforschen - Menschen helfen","publisher":{"@id":"https:\/\/ddz.de\/en\/#organization"},"potentialAction":[{"@type":"SearchAction","target":{"@type":"EntryPoint","urlTemplate":"https:\/\/ddz.de\/en\/?s={search_term_string}"},"query-input":{"@type":"PropertyValueSpecification","valueRequired":true,"valueName":"search_term_string"}}],"inLanguage":"en-US"},{"@type":"Organization","@id":"https:\/\/ddz.de\/en\/#organization","name":"Deutsches Diabetes-Zentrum (DDZ)","url":"https:\/\/ddz.de\/en\/","logo":{"@type":"ImageObject","inLanguage":"en-US","@id":"https:\/\/ddz.de\/en\/#\/schema\/logo\/image\/","url":"https:\/\/ddz.de\/wp-content\/uploads\/ddz_logo_de.png","contentUrl":"https:\/\/ddz.de\/wp-content\/uploads\/ddz_logo_de.png","width":640,"height":226,"caption":"Deutsches Diabetes-Zentrum (DDZ)"},"image":{"@id":"https:\/\/ddz.de\/en\/#\/schema\/logo\/image\/"},"sameAs":["https:\/\/www.facebook.com\/diabetesinformationsdienst\/","https:\/\/x.com\/ddz_info","https:\/\/www.youtube.com\/channel\/UCNxwshEljrBJXPri-w9IiLg"]}]}},"_links":{"self":[{"href":"https:\/\/ddz.de\/en\/wp-json\/wp\/v2\/event\/19664","targetHints":{"allow":["GET"]}}],"collection":[{"href":"https:\/\/ddz.de\/en\/wp-json\/wp\/v2\/event"}],"about":[{"href":"https:\/\/ddz.de\/en\/wp-json\/wp\/v2\/types\/event"}],"wp:featuredmedia":[{"embeddable":true,"href":"https:\/\/ddz.de\/en\/wp-json\/wp\/v2\/media\/17523"}],"wp:attachment":[{"href":"https:\/\/ddz.de\/en\/wp-json\/wp\/v2\/media?parent=19664"}],"curies":[{"name":"wp","href":"https:\/\/api.w.org\/{rel}","templated":true}]}}

<p>Liebe Besucherinnen und Besucher,</p>
<p>pro Jahr erkranken 600.000 Menschen in Deutschland neu an Diabetes. Das entspricht ungefähr der Einwohnerzahl von Düsseldorf. Unter dem Motto „Diabetes: Familie macht stark“ laden wir Sie im Rahmen der Diabeteswoche Düsseldorf zu einem Informationsabend am 13. November 2018 in das Deutsche Diabetes-Zentrum (DDZ) ein. Sie erwartet ein abwechslungsreiches Programm mit Vorträgen, Erfahrungsberichten von Betroffenen und Tipps von Experten.</p>
<p>Das diesjährige Motto der WHO steht im Zeichen der Familie und wie diese den Diabetes im Alltag bewältigt. Diabetes egal in welchem Alter: Sie haben die Möglichkeit über die individuellen Versorgungsmöglichkeiten zu diskutieren. Erfahren Sie von anderen Betroffenen, wie diese in der Familie mit dem Diabetes umgehen und welche lokalen Versorgungs-, Beratungs- und Vorsorgeangebote im Großraum Düsseldorf bestehen. Außerdem können Sie als Interessierte in unserem Studien-zentrum einen kurzen Diabetes-Check absolvieren.</p>
<p>Um 17.15 Uhr werden die Gewinner des Malwettbewerbs „Was macht Spaß und macht mich fit?“ ausgezeichnet. Dieser Informationsabend wird gemeinsam vom DDZ, dem Regionalen Innovationsnetzwerk (RIN) Diabetes und der Klinik für Endokrinologie und Diabetologie am Universitätsklinikum Düsseldorf, dem Gesundheitsamt und dem Jugendamt der Landeshauptstadt Düsseldorf ausgerichtet.</p>
<p>Wir freuen uns auf Ihren Besuch im DDZ.</p>

40225 Düsseldorf
